5112400
In base 5, what is 20 - -23040122?
23040142
In base 5, what is -342332313122 + 4?
-342332313113
In base 9, what is -4 + 5860548?
5860544
In base 16, what is 0 - -4afc16c?
4afc16c
In base 4, what is 211221200 + -2010?
211213130
In base 3, what is -1 + -1001101021011021?
-1001101021011022
In base 10, what is -30739 + -26?
-30765
In base 5, what is 101 + -220334033?
-220333432
In base 4, what is 2111200331210 + -3?
2111200331201
In base 10, what is 4795 + 9795?
14590
In base 11, what is -4 - -5197732?
5197729
In base 4, what is -1002122 - -102011302?
101003120
In base 12, what is 4b + 116323?
116372
In base 2, what is -1101110101000100010100011001 - -10?
-1101110101000100010100010111
In base 4, what is 10223112123223 + 2?
10223112123231
In base 14, what is -301 + -19c68?
-1a169
In base 7, what is -125 + -6056034?
-6056162
In base 16, what is 2d7e51f + 0?
2d7e51f
In base 5, what is -232313341002 + 3?
-232313340444
In base 11, what is -21 - 57604a?
-576070
In base 2, what is -1101 + -1111011011111001?
-1111011100000110
In base 16, what is -5b69 + -f11?
-6a7a
In base 4, what is 23 - -1010323330033?
1010323330122
In base 6, what is 44155001 - -2?
44155003
In base 2, what is -10010110001010000 - 1001011110101?
-10011111101000101
In base 13, what is -32436 + -6c?
-324a5
In base 11, what is 3 + 2aa27?
2aa2a
In base 5, what is 1431 + -20414201?
-20412220
In base 6, what is 3051324413 + 1?
3051324414
In base 2, what is 1 + 11001001000011010111?
11001001000011011000
In base 10, what is -1 + 9304466?
9304465
In base 16, what is -1 + -9e29d?
-9e29e
In base 5, what is 0 + 40131013403?
40131013403
In base 7, what is -230 - -4250666?
4250436
In base 16, what is 17786be + 3?
17786c1
In base 5, what is -120244221110 + 10?
-120244221100
In base 11, what is -21 + -468221?
-468242
In base 11, what is -32961 - 3?
-32964
In base 11, what is -65 - -40530?
40476
In base 14, what is -381 - 49bc1?
-4a162
In base 4, what is -10213 + -1130230?
-1201103
In base 8, what is -40745765 - -5?
-40745760
In base 4, what is -123 + -1212110113?
-1212110302
In base 3, what is -120010102201 - -1?
-120010102200
In base 8, what is -105623 - -221?
-105402
In base 12, what is -8092 - 614?
-86a6
In base 6, what is -215201 + -14133?
-233334
In base 11, what is -8995 + 63a?
-8356
In base 16, what is -10 + -3a6d71?
-3a6d81
In base 4, what is -313330322330 + -13?
-313330323003
In base 6, what is -340333144153 + -2?
-340333144155
In base 14, what is 1a063 + -508?
19959
In base 14, what is -179da03 + -43?
-179da46
In base 15, what is -90d - -a43?
135
In base 16, what is 1347cd9 - 0?
1347cd9
In base 13, what is -3 + 95b7c9?
95b7c6
In base 5, what is 1320301044 - -2?
1320301101
In base 9, what is 776 + 3026?
3813
In base 15, what is -9c9c1 + -1?
-9c9c2
In base 6, what is 20 + -13003451?
-13003431
In base 16, what is 2 + -e417?
-e415
In base 7, what is 464 + -1313366?
-1312602
In base 9, what is 1126 - 12068?
-10842
In base 16, what is de0 - -385b3?
39393
In base 15, what is -2 - 1893324?
-1893326
In base 10, what is 3 - -142099879?
142099882
In base 3, what is -12 - -1122002211100212?
1122002211100200
In base 11, what is 45431097 - -7?
454310a3
In base 11, what is 533 - 31a34?
-31501
In base 13, what is 37 + -284c87?
-284c50
In base 6, what is -2223 - 12244300?
-12250523
In base 11, what is 3a5 - 2658?
-2263
In base 2, what is -1111010000100010100100 - -1101?
-1111010000100010010111
In base 11, what is -226079 + 47a?
-2256aa
In base 3, what is -2111 - 100022011210102?
-100022011212220
In base 2, what is -11001001001101010100 - -11?
-11001001001101010001
In base 3, what is -10011020 + 122111201?
112100111
In base 9, what is 10 + -1654613?
-1654603
In base 5, what is -14400420 - 31133?
-14432103
In base 13, what is 3a33ab669 - -3?
3a33ab66c
In base 7, what is -2423 - -56113?
53360
In base 16, what is 14125a + 5b?
1412b5
In base 4, what is -13322212120 + -1333?
-13322220113
In base 12, what is -3 - -522029b?
5220298
In base 9, what is 433 - 484514?
-484071
In base 16, what is -479a2 + 2ad?
-476f5
In base 15, what is 2 - 526359?
-526357
In base 16, what is 16a + 311f?
3289
In base 12, what is 3 - 331987?
-331984
In base 7, what is -60455 + -460?
-61245
In base 5, what is -100 - 24340202?
-24340302
In base 11, what is 1a9a0 - -16346?
36236
In base 9, what is 4 + -2522084?
-2522080
In base 9, what is -35577710 - -5?
-35577704
In base 15, what is 20 - -45293?
452b3
In base 12, what is -3 + -3414b5b3?
-3414b5b6
In base 14, what is -42cdd5 + -7?
-42cddc
In base 12, what is -65861 + -81?
-65922
In base 13, what is -1b + -214c95?
-214cb3
In base 2, what is 10 + 100000110111100010010011?
100000110111100010010101
In base 9, what is -11333552 - 1?
-11333553
In base 16, what is -a3b1 + -17d?
-a52e
In base 12, what is -33aa4b6 - -8?
-33aa4aa
In base 15, what is 119599ea + 1?
119599eb
In base 7, what is 0 - 642245551?
-642245551
In base 2, what is 111010011011 + 111000?
111011010011
In base 3, what is 1101000 + 111001010021?
111002111021
In base 11, what is 6a545305 + 4?
6a545309
In base 8, what is -1634607 + -31?
-1634640
In base 10, what is 1501625045 + 2?
1501625047
In base 6, what is 12021 + 232250?
244311
In base 8, what is 3 + -5100772?
-5100767
In base 4, what is -1120 + -101021101130?
-101021102310
In base 12, what is 42 - -9380b?
93851
In base 6, what is -21431033 - 203?
-21431240
In base 3, what is 220212 + 12010202211?
12011200200
In base 3, what is 11001021010 + -1112?
11001012121
In base 10, what is 190644 - 2324?
188320
In base 9, what is 308827 - 16?
308811
In base 12, what is 6255b + -116?
62445
In base 15, what is 1a + -356782?
-356767
In base 9, what is -46137 - -3224?
-42813
In base 4, what is 200021333 - 210?
200021123
In base 3, what is 1000011001220 + -121?
1000011001022
In base 13, what is -7 - a32c16b?
-a32c175
In base 13, what is 1188 - 1a42?
-887
In base 11, what is -7a95 - -1282?
-6813
In base 2, what is -1000100110111111110000000001 + 1?
-1000100110111111110000000000
In base 6, what is -15005303041 - 10?
-15005303051
In base 14, what is -1c31 + 9c3?
-124c
In base 3, what is 10111100001 + -2220?
10111020011
In base 2, what is 10101100011001001 - -110010?
10101100011111011
In base 8, what is 74671 + 344?
75235
In base 3, what is -10021022202101 + 1212?
-10021022200112
In base 7, what is -21 - 20044013?
-20044034
In base 9, what is -4 - -454367722?
454367717
In base 13, what is 46881b + 2?
468820
In base 9, what is 61 + -2311646?
-2311575
In base 9, what is 14433 - 1643?
12680
In base 3, what is 1200112002120000 - 11?
1200112002112212
In base 16, what is -138 + 3e19?
3ce1
In base 10, what is 2 + 6239988?
6239990
In base 16, what is 5df192 + 0?
5df192
In base 4, what is 32102 - -3203301?
3302003
In base 8, what is -37676 + -21?
-37717
In base 4, what is 23023232330 - 32?
23023232232
In base 7, what is -346 + 136226?
135550
In base 16, what is 223f7d + -a?
223f73
In base 7, what is -31403000 - 13?
-31403013
In base 15, what is -204a3b + -6?
-204a42
In base 2, what is 101000010010111111 - -101001111?
101000011000001110
In base 5, what is 2233421240 - 0?
2233421240
In base 8, what is -47563 - 4324?
-54107
In base 5, what is -134104302 - 22441?
-134132243
In base 14, what is b3 - -81d0d?
81dc2
In base 9, what is 141536 + -746?
140680
In base 8, what is 4673 - -1374?
6267
In base 2, what is -100101100100111 + 1101101101?
-100011110111010
In base 5, what is 2 - -4221042013?
4221042020
In base 5, what is 1311 - -3440323?
3442134
In base 14, what is 2 - 9256d8?
-9256d6
In base 4, what is -3101310 - -30113?
-3011131
In base 16, what is 153d6c9 - 4?
153d6c5
In base 2, what is -100 + 10001100100111110?
10001100100111010
In base 6, what is 0 - 3541403255?
-3541403255
In base 3, what is -2 + -201122212201?
-201122212210
In base 6, what is -3354 + -41144?
-44542
In base 12, what is -1972bb + -2?
-197301
In base 8, what is -1770673 - 2162?
-1773055
In base 8, what is -65021543 - -1?
-65021542
In base 2, what is -110101 - -1011110100011001001101?
1011110100011000011000
In base 10, what is -30935 - 141?
-31076
In base 10, what is 116771721 + 2?
116771723
In base 6, what is -111 + -5150355?
-5150510
In base 5, what is -311323 - 20124?
-332002
In base 8, what is -3 - -14713402?
14713377
In base 13